?
True
Let y(v) = -v - 11. Let j be y(-9). Let p be (2/(-2))/(j/8). Suppose 3*g + 2*g + 10 = 0, -5*x + p*g = -423. Is x a composite number?
False
Let r = -6 - -11. Suppose 0 = -r*b + 4*x + 154, -5*x + 2*x - 90 = -3*b. Is b composite?
True
Let q = -1660 + 1094. Is q/(-6) + 30/45 composite?
True
Suppose -j + 3*p + 346 = 0, -j + 5*j = -5*p + 1299. Is j a prime number?
True
Let d(q) = 350*q - 7. Is d(3) prime?
False
Let z be 3/(-6)*24/3. Is 10/20 + (-706)/z a composite number?
True
Let l(o) = -o**3 + 3*o**2. Let v be l(3). Suppose -4*u + 5*y + 22 = v, 5*u - 23 = 6*y - 2*y. Suppose -u*i = -41 - 16. Is i composite?
False
Suppose 4*p = -u + 2, -2*u + 6 = u + p. Suppose 12 = -3*f - u*b, -5*b + b = -5*f + 2. Is 43/2 + f/4 a composite number?
True
Let t(f) be the third derivative of -f**8/6720 + f**7/360 + f**6/120 + 7*f**5/120 + f**4/12 + f**2. Let y(u) be the second derivative of t(u). Is y(7) prime?
False
Suppose 4*s - 8*s + 749 = -u, -934 = -5*s - u. Is s a composite number?
True
Let y(r) = -5*r + 1. Let c be (0 + 2 - 2)*1. Suppose b = -2*x + 4*x - 4, b - x + 3 = c. Is y(b) composite?
False
Let i(u) = -u**2 + 5*u + 3. Let l be i(5). Suppose 3*x - 727 = -l*p + 488, 2041 = 5*x + p. Is x a prime number?
True
Suppose 2*v = w + w - 2, 4*w = 2*v + 8. Is 1/v*-1*-138 prime?
False
Suppose -2*d - 3*i = 0, -d + 25 = 4*d - 5*i. Suppose h - v - 1 = -4*v, -d*h - v - 5 = 0. Is (4 - -4) + 5 + h a composite number?
False
Let r(p) = 86*p - 3. Let z(x) = -x + 1. Let b(a) = -r(a) - 2*z(a). Is b(-1) a composite number?
True
Suppose 0 = -v - 3*v + 56. Let h be 24/v + (-2)/(-7). Suppose o + 2*d = 31, h*o - 155 = -3*o + 2*d. Is o prime?
True
Suppose 3*w - 1 = 14. Suppose u = -w*z + 2*u + 365, -15 = 3*u. Suppose 2*t - b - z = 0, -2*t + 2*b = 3*b - 68. Is t a prime number?
False
Let r(m) = 159*m + 8. Is r(3) prime?
False
Let o(f) = 33*f + 2. Let q(l) = -33*l - 2. Let n(k) = -3*o(k) - 4*q(k). Is n(7) prime?
True
Suppose 0*z + 42 = -z. Let t be -1 + ((-88)/2)/2. Let o = t - z. Is o composite?
False
Let p = 1506 + -259. Is p composite?
True
Let y = -10 + 18. Let n be 0 - y/1*-2. Is (-114)/(-8)*n/6 a prime number?
False
Suppose 184 = o - 81. Is o a composite number?
True
Suppose -v = 5*r - 4*r + 184, 5*v + 932 = -r. Let k = v + 332. Is k a prime number?
False
Suppose -3*p + 780 = -15. Is p prime?
False
Let u(o) = 104*o**2 - o - 3. Is u(-2) prime?
False
Suppose 0 = 6*z - 4*z - 20. Suppose o - 2 = -z. Let y(s) = -8*s + 3. Is y(o) composite?
False
Let z be (-4)/14 - (-447)/21. Let p be z/(-14)*(12 - 0). Let v = p + 43. Is v a composite number?
True
Let d = 206 - -89. Is d a prime number?
False
Let l(k) = -k**3 + 2*k**2 - 1. Let s be l(-1). Is (s/3)/(10/5685) a composite number?
False
Suppose 2*h - 334 = -k + 182, 0 = -h + 5*k + 247. Is h a composite number?
False
Suppose 3*a + 4*k - 765 = 0, 5*a - 1270 = -0*a - 5*k. Is a a composite number?
False
Suppose 5*d + k = -7 + 63, -4*d + 2*k = -42. Let c = d - -36. Is c a prime number?
True
Let h be (5 + -1)*6/12. Suppose -3*i = 3*a - 450, -4*a = -3*i - h + 445. Is i prime?
True
Let q(h) = -h**3 + 150. Let d be q(0). Suppose 2*z = -z + d. Suppose 0 = -4*m + z - 10. Is m a composite number?
True
Let o = -36 + 91. Is o composite?
True
Suppose 3288 = 7*z - 2921. Is z a composite number?
False
Let g(q) = q + 11. Is g(12) prime?
True
Let f be 3*(4/12 + -1). Is (-140)/(-12) + f/3 composite?
False
Let n = 8 + 42. Let t(i) = 0 + 78*i**2 - i + 0 + n*i**2. Is t(1) composite?
False
Let q(r) be the third derivative of -1/3*r**3 - r**2 + 0 + 1/6*r**4 + 0*r + 1/60*r**5. Is q(-5) composite?
False
Suppose 12*w - 8*w = 236. Is w composite?
False
Suppose 0 = -4*j + 3*r - 0*r + 21, -4*j + 3 = 3*r. Suppose j*f - 69 = 102. Is f a prime number?
False
Let i = 0 - -2. Suppose 5*p = -a + 1271, 3*a - 767 = -3*p - i*a. Let h = p + -177. Is h a composite number?
True
Let g(m) = 3*m**2 - 2*m + 1. Let c be g(1). Is (1 - -50) + (4 - c) prime?
True
Suppose n + 8 + 39 = -3*q, 2*n + 34 = -2*q. Let l be q/2*(-4)/5. Is 1/3 + 82/l a composite number?
True
Let x be (8/(-10))/(10/25). Is (-33)/(-3) + 2 + x a prime number?
True
Suppose 13 - 109 = 4*y. Let c = 61 + y. Is c a composite number?
False
Suppose -66 = -4*u + 530. Is u a prime number?
True
Let g(z) = z**2 + 5*z + 2. Let x be g(-5). Suppose -4*w - 22 = -5*l, 4*l = -w + 3*l - 1. Is (w + 4/x)*-2 prime?
True
Let x = 8 + -4. Suppose -q + 6*q - x*p - 411 = 0, -3*q + 2*p = -247. Is q a composite number?
False
Suppose 3*h + 5 = 4*h. Suppose -4*x + 2*u = -72, h*x + u = -u + 90. Suppose -3*p + p + x = 0. Is p a composite number?
True
Suppose -5*n + 25 = y + 2*y, -4*y = n - 5. Let g = -3 + 6. Let q = g + y. Is q a prime number?
True
Let s be (-5 - -4)/((-2)/(-30)). Let v be s*(2 - 7/3). Is -4*(185/(-4))/v a prime number?
True
Let m(g) be the first derivative of g**3/3 - 3*g**2 - 8*g + 1. Is m(-7) composite?
False
Suppose -s + 23 = 130. Let a = s + 252. Is a a prime number?
False
Let p = -8 - -12. Suppose 5*v = -5*z + 33 + 2, -38 = -2*v + p*z. Is v prime?
True
Let v(b) = -4*b**3 - b**2 + b + 1. Let i = 19 - 31. Let z be 1*9/i*4. Is v(z) composite?
False
Let u(d) = 2*d**2 - 4*d - 3. Let o be u(-6). Suppose -g + 26 = -o. Is g prime?
False
Is 26*6/8*(-1072)/(-24) composite?
True
Suppose 2*g - 10 = -2*s, -3*s = -2*g - 1 - 4. Let x be (-1)/(s/3330*-2). Suppose -5*p + 40 = -x. Is p a composite number?
True
Suppose 0*h = -6*h + 4434. Is h a composite number?
False
Suppose 4*x = 8*x - 2756. Is x prime?
False
Let b be 3/12 + 15/4. Is (0 - 47)/(b/(-4)) prime?
True
Suppose 10*w - 5*w = 185. Is w composite?
False
Suppose -4*n = -3*x - 1, 2*x - 1 = n - 0*n. Let i(a) = -3*a**3 + 1. Let f be i(n). Let r(b) = -20*b - 1. Is r(f) prime?
False
Let p(f) = 5*f**3 - f**2 + f - 1. Is p(2) composite?
False
Suppose -2*j + 183 = -329. Let t = -179 + j. Is t composite?
True
Is -2*((-41)/2 + 2) a composite number?
False
Suppose 0*r + 3*r = -3*o + 3372, 1109 = r - 2*o. Is r prime?
False
Let w(b) = b**2 + 4*b + 2. Let n(c) = c**3 - 2*c**2 - 2*c - 1. Let v be n(2). Let d be w(v). Let r = 29 - d. Is r a prime number?
False
Suppose 0 = -w - 2*w - 3, 2*d - w - 1 = 0. Suppose d = 2*a - 9 - 5. Is a composite?
False
Suppose -11*u = -7*u - 3836. Is u prime?
False
Suppose -2*w - 2*m = 238, -2*m = -w - 34 - 76. Let k = 2 - w. Suppose -2*o = -0 - k. Is o prime?
True
Suppose -2 = -2*t - 12. Let o(v) = 3*v**2 - 3*v - 1. Is o(t) a prime number?
True
Let p = 114 - 63. Is p a composite number?
True
Suppose -g + 8 = g. Suppose -g*d - 5*r = -2*d - 27, 0 = 3*d + 2*r - 13. Is (1 + d)/((-3)/(-21)) a composite number?
True
Let k = 83 - 237. Let y = k + 535. Is y prime?
False
Let l(i) = 219*i**2 + i. Let x be l(1). Suppose 5*k + 0*k - 85 = 0. Let r = x - k. Is r a prime number?
False
Is (95 - -11)*(-1)/(-2) composite?
False
Suppose 3*s + 10 = k, 2*k - 4*s - 15 = -1. Let i(c) = -101*c**2 + 2*c - 1. Let r be i(k). Let p = -65 - r. Is p prime?
False
Suppose -25 = -m - 4*m. Suppose 39 = m*q - 2*q. Is q prime?
True
Let x(p) = 1362*p - 17. Is x(2) a composite number?
False
Let k(c) = c + 1. Let d be k(0). Let h = d - -2. Let s(b) = 14*b**2 - b + 4. Is s(h) composite?
False
Let j be (-740)/(-15)*18/4. Suppose 5*y + 148 = 2*q, -3*q + j = -y - y. Is q composite?
True
Let a(o) = 2*o**2 - 2*o - 8. Let f(u) = 2*u**2 - 2*u - 9. Let z(r) = 4*a(r) - 3*f(r). Let l(g) = -g**2 - 9*g - 1. Let w be l(-8). Is z(w) prime?
True
Suppose 0 = 3*t + 4 + 80. Let v = 151 + t. Is v a prime number?
False
Let m(w) = 5*w**2 - 1. Let b be m(1). Suppose -3 = -b*i + 9. Suppose 2*a + p = 156, -i*a + p - 23 = -252. Is a composite?
True
Let f = 18 - 17. Is 294 + 3 + -5 + f a composite number?
False
Suppose 206 = -3*y + 5*y. Suppose 3*c - 99 = -3*t, -4*c + c - t + y = 0. Is c a prime number?
False
Let w = 2888 + -1603. Suppose -5*h + 5*o + 1270 = 0, 5*h + 0*h - 2*o - w = 0. Is h a composite number?
True
Let d = 2 - 4. Is (-2)/d + 18*9 prime?
True
Suppose 16 = 5*q + 2*n - 0, 4*q - 3*n = 22. Suppose -q*x + 216 + 428 = 0. Is x a prime number?
False
Is (-6)/(-16) - 25364/(-32) prime?
False
Let j(f) = -f**3 - 8*f**2 - 8*f - 1. Let n be j(-7). Suppose y - n = -0*y. Let s(h) = -h**3 + 6*h**2 + 4*h - 5. Is s(y) a prime number?
True
Let b(t) = -119*t - 1. Let p be b(2). Let a = p - 2. Let h = -164 - a. Is h prime?
False
Let j 